
0
What is 1 + -4 + 1 + 2?
0
-2 + -3 + 0 + 1
-4
What is the value of 15 + -18 - (-1 - 1)?
-1
Evaluate 0 - (8 + 0) - -4.
-4
Calculate 1 + 6 + (2 + -3 - 3).
3
What is (-4 - 1) + 4 - 2?
-3
1 + (7 - (-5 + 3 + 6))
4
Evaluate 5 - (-3 + (7 - 2)) - 7.
-4
What is 4 + (4 - 3) + 10 + -5?
10
Evaluate 10 + 1 + (0 - 2) - 7.
2
Evaluate 4 - (19 + -6 + -13).
4
-1 - (3 - 5) - (-2 - -3)
0
What is 2 - (2 - 4 - (0 + 0))?
4
Evaluate -4 + -5 + 5 + 1.
-3
Calculate 3 - ((0 - 3) + 4).
2
Calculate 1 + ((1 - 2) + 2 - -1).
3
-5 - (11 - 14 - (0 - 0))
-2
Calculate (9 - 2 - (2 + 0)) + -9.
-4
What is the value of -10 + (6 - (-5 - -9))?
-8
Calculate -6 + 1 + 11 - -3.
9
(9 - 3 - 1) + -1
4
What is 5 + ((1 - -5) + -1 - 8)?
2
Evaluate 3 + -7 + (-4 - -6).
-2
0 + 9 + (-38 - -35)
6
(-2 - (4 - 14)) + -5
3
Calculate 3 - (1 - (-6 + 8)).
4
-3 - (0 - 2) - -3
2
What is 12 - (-6 - -13 - -6)?
-1
What is -1 - 1 - (9 + -16)?
5
What is (-2 - (-1 - 0)) + (17 - 13)?
3
What is -6 + (-8 - (-7 + -1))?
-6
What is (-1 - (-5 + 6)) + (0 - 0)?
-2
Calculate (-3 - 3) + -2 + 4 - 4.
-8
-7 - (1 + -3) - (-48 + 47)
-4
Calculate -4 + -2 + -2 + 6 + 1.
-1
What is the value of (0 - -1) + (8 - 4) + -6?
-1
Evaluate 0 - -1 - (7 + 0).
-6
Calculate (2 - 4) + 1 - -1.
0
What is the value of 0 + (-9 - -3) - -5?
-1
Calculate -8 - -4 - (2 + 2 + -4).
-4
Calculate (0 - (0 - (1 - 2))) + -1.
-2
(-3 - (-5 - 4)) + -3
3
What is 7 + -3 + -1 + 1 + 0?
4
What is -3 - (8 + -4 - 9)?
2
(-1 - -4) + -5 + -1 + -4
-7
-3 + (0 - (-1 + -4))
2
What is -8 - -3 - (-6 + -3 + 7)?
-3
-2 + 1 + (-11 - -10) - 2
-4
3 - (1 + -3 - (-1 - -1))
5
What is 1 - -11 - (220 - 202)?
-6
4 + 1 + -10 - -7
2
(3 + -6 + 4 - 1) + -2
-2
What is 1 + -6 - (-36 - -34)?
-3
Calculate -6 - (-8 + (-8 - -16)).
-6
-6 - (-1 - 0 - 2)
-3
What is -2 + 2 + 2 - (-11 + 10)?
3
What is the value of (4 - (23 - 15)) + 3?
-1
What is the value of 0 + 3 + -8 - -7?
2
Evaluate 0 - (2 + 1) - (-4 + 2).
-1
Calculate -1 + 1 + 0 + 5.
5
What is -5 - (-2 + 1 + 1)?
-5
What is 2 + -4 + (-1 - -2)?
-1
2 - ((4 - -17) + -9)
-10
What is 4 + (-7 + -2 - -8)?
3
What is (0 - (-2 - 0)) + -7 - -4?
-1
What is -2 + (-6 - (1 - 3))?
-6
Calculate 2 - (-3 - (4 - 7) - -1).
1
Evaluate -21 + 17 - (1 - 7).
2
18 + 1 + -31 - (-2 + -1)
-9
Evaluate -2 + (4 + -5 - -3).
0
What is the value of -80 + 78 - (1 + (-1 - -2))?
-4
What is the value of 0 - (3 + (-6 - -6 - 8))?
5
What is (-12 - -11) + 6 - (3 + -2)?
4
0 - (13 + -7 + (-1 - 1))
-4
What is (-7 - (-9 + 2)) + 10?
10
What is the value of 1 + 8 + -3 - 3?
3
Evaluate (0 - -1) + (-2 - 15) + 22.
6
(-3 - (3 - 0 - 0)) + 4
-2
What is 8 + (-6 - -4) - 2?
4
What is the value of (2 - (-3 + 4 - -2)) + 1?
0
Calculate 0 + 0 - 2 - (3 + -7).
2
What is the value of 0 - -3 - (18 + -12) - 0?
-3
What is 1 + (-7 - (-14 - -6))?
2
Evaluate (-3 + 7 - 9) + 8.
3
Calculate 0 + 5 - (0 - -6).
-1
What is -15 - -1 - (-15 + 6 + 4)?
-9
What is -10 + 0 + 10 + 3?
3
What is the value of (4 + -3 - -5) + -6?
0
What is -3 - (3 - ((2 - 5) + 5))?
-4
What is the value of (-10 - (-29 + 14)) + -2?
3
What is the value of 10 + -9 + 1 + (-15 - -17)?
4
Calculate 8 + -4 - 8 - -1.
-3
Calculate -10 + (9 - (3 - 0)).
-4
What is -3 + 3 + 0 + -3 + 0?
-3
Calculate -6 - (5 - (7 + 4 + -4)).
-4
What is the value of 3 - -1 - 9 - -2?
-3
What is the value of -4 + (5 + -9 - (-13 + 2))?
3
Calculate 4 - (-3 + 4 + 0).
3
Evaluate -6 + 7 + (3 - 1).
3
Evaluate 9 + -1 + (3 - 11) + 5.
5
Evaluate 7 + -9 - -2 - -9.
9
Calculate 1 + 0 - (55 + -62).
8
Calculate 4 + -11 + 5 + -2.
-4
Evaluate -5 - ((-3 - (-10 + 5)) + -4).
-3
Evaluate 5 + -6 + (-7 - -9).
1
What is -5 + 1 + -3 - -15?
8
What is -11 - (11 + (-5 - 26))?
9
Evaluate 9 - (0 - 0) - 0 - 4.
5
What is the value of 8 - ((79 - 78) + 2 + -1)?
6
Calculate 0 + 9 + (-7 - -3).
5
Evaluate -5 + -1 + 5 + (0 - -8).
7
Calculate 0 + 8 + 0 - (-18 + 22).
4
Calculate 5 - -1 - (-1 - -6).
1
What is 2 - -4 - -1 - (2 - -1)?
4
Calculate (-6 - -12) + 0 + -3 + 1.
4
What is (-34 - -32) + (3 - 0)?
1
Calculate (2 - (6 - 2)) + -3.
-5
What is the value of 2 + 1 + 1 + 3 + -6?
1
-8 + (11 - (4 + 3))
-4
Calculate 13 + -15 + 7 + -14.
-9
8 + (-7 + -2 - -2)
1
(-1 + -12 - -4) + 4
-5
What is (-3 - (0 - 1)) + (4 - 7)?
-5
What is 3 + (5 + 2 - 5)?
5
What is -11 + 3 + (6 - 2)?
-4
What is 6 - (11 - (10 - 1))?
4
What is the value of -5 - -7 - (-1 + -1 + 7)?
-3
(0 - 1 - (38 + -31)) + 1
-7
Calculate 5 + 2 + -7 + 1 + -1.
0
What is the value of -1 + -3 - (-3 + -5)?
4
Calculate (2 - -3) + 6 + (-10 - 3).
-2
3 - -7 - (-7 - -21)
-4
-2 + 4 - 0 - (76 - 81)
7
41 + -37 + (6 - 1)
9
What is the value of -2 + -5 + -6 + 12?
-1
Calculate 1 - -3 - -1 - (1 - 1).
5
Evaluate 1 - 7 - (-9 + 1 + 3).
-1
What is (64 - 61) + (1 - (-1 + 10))?
-5
-10 + 10 + (11 - 4) - 6
1
Evaluate 3 + -2 + 4 + 0.
5
0 + 0 + (-4 + 5 - -4)
5
What is 2 + (-2 - (-2 - -2))?
0
What is the value of 9 + (0 - 4) + -6?
-1
What is the value of -14 - 0 - (26 - 37)?
-3
What is the value of 0 + 17 + (-6 - 4)?
7
What is (21 + -15 - (8 - 2)) + -11?
-11
What is the value of 2 - (-2 + -1 - (-1 - 6))?
-2
Calculate 14 + -14 + 0 + -4.
-4
What is the value of 2 - (-1 + 10 + -4)?
-3
Evaluate (-10 - 0 - -2) + 4.
-4
Evaluate (4 - (-7 + 20)) + 9.
0
What is (-1 - -1) + (6 + -7 - 1)?
-2
Calculate -1 + 0 - (7 - 3).
-5
Calculate 8 + -3 + -3 - 7.
-5
Evaluate -14 + 2 + 4 - -7.
-1
Calculate -1 + 1 - (5 - 5).
0
What is the value of -1 - (4 - (-3 - -3))?
-5
Evaluate 4 + 11 + (1 - 17).
-1
Calculate 3 + 3 + 2 + -14 + 6.
0
Evaluate -6 + 2 - (-6 - -1) - -2.
3
What is -6 + (-3 - -6) + 0?
-3
Evaluate -4 - (-1 + (-1 - (-1 + 1))).
-2
Evaluate 84 + -84 + -1 + 1 + -4.
-4
Evaluate -3 + 2 + 4 - (11 + -9).
1
Calculate -2 - (-1 + 1) - (102 - 103).
-1
(-1 - 8) + (-2 + 1 - -4)
-6
2 + 0 - (-20 + 10 - -5)
7
Evaluate 1 - 1 - (-17 + 13).
4
What is 7 - 2 - (-2 + (5 - 2))?
4
What is 3 + 4 + (-5 - (3 - 0))?
-1
What is -5 - (9 + (0 - 11))?
-3
Calculate 0 + (0 - 6) + 10.
4
Evaluate -4 - (8 + -13 + -5).
6
Evaluate 5 - (2 - -2) - -4.
5
Evaluate (10 - 16) + 14 - 8.
0
Calculate 1 + -3 + -1 - -1.
-2
What is 2 - (2 + -3 - -3 - -2)?
-2
0 + (0 - (3 + 0)) - 2
-5
5 + 7 + (-6 + -4 - -1)
3
What is the value of 1 - (2 + (5 - (4 + -3)))?
-5
What is the value of 3 + 9 - (-1 - -6 - 2)?
9
(-2 - 8) + 8 - -8
6
What is -4 - 4 - (-3 - 1)?
-4
Calculate 5 + (3 - 7) - (3 - -4).
-6
10 + -16 - 6 - -3
-9
Evaluate -11 + -1 - (-1 + -6).
-5
Evaluate (7 - -2) + (-2 + 3 - 5).
5
Evaluate 176 + -165 - (-1 + 12).
0
Calculate 0 + 1 - ((-4 - -3) + 5).
-3
Evaluate -4 - (-3 + 4) - 0.
-5
What is 2 + 1 + -65 + 67?
5
Calculate 7 - (13 + (6 - 19)).
7
Evaluate 3 + -3 + (1 + -2 - 1).
-2
What is the value of (1 - 11 - -2) + 4 + 3?
-1
Evaluate -16 + 6 + 3 + 7.
0
What is the value of (2 - 6) + 12 + 3 + -7?
4
Evaluate 6 - (-2 + -1 + 6).
3
What is -3 - -6 - (6 - 3)?
0
Evaluate 1 + 2 + (7 + -4 - 8).
-2
What is 4 + (-3 - (7 - (4 + -1)))?
-3
Evaluate -10 + -1 + (-11 + -2 - -16).
-8
2 + 5 + -16 + 8 - 7
-8
Calculate -19 - -21 - (0 - 1).
3
Calculate -2 - (0 + -3 + 6).
-5
What is 15 + -4 - (-3 + (7 - -2))?
5
What is the value of (-87 - -86) + 3 + 0?
2
Evaluate (-4 - -15) + 8 + -9.
10
What is the value of (8 + -1 - 3) + -9?
-5
Evaluate 1 + -4 + 3 - (0 + 0).
0
What is the value of (-6 - 4) + -2 + 4 + -2?
-10
2 + -7 + 1 + 0
-4
What is the value of 24 - 18 - ((-2 - -1) + 0)?
7
Calculate (15 - 2) + 4 + -14.
3
Calculate 2 - ((-4 - -4) + 0).
2
Evaluate (-7 - -5) + -1 + -2.
-5
-2 - (4 + -1) - -4 - -5
4
(13 - 28) + (10 - 1)
-6
Evaluate (2 - 7) + -1 + 9 + -7.
-4
What is the value of (-4 - (2 - -1)) + 11?
4
Calculate -3 - -4 - ((0 - -4) + -3).
0
What is -7 + (4 - 0) + 7 + -4?
0
Calculate -1 + -1 - (-9 - (8 - 9)).
6
What is 4 + -7 + 5 + -6?
-4
Evaluate 4 + 3 + -17 - -3.
-7
Calculate 1 - (1 - -2 - -5 - 4).
-3
Calculate 3 - -1 - (-4 - -8 - 0).
0
Evaluate 0 - -1 - (-16 + 20).
-3
What is 26 + -30 - (3 + -1)?
-6
Calculate -1 - -4 - (-52 + 58).
-3
Evaluate 12 - (0 + 23) - -18.
7
0 - 9 - (66 - 70)
-5
Calculate 3 - (18 + -12 - 3).
0
Calculate -9 + -11 + 20 - (-10 + 3).
7
Calculate (-2 - (-3 + -1)) + (1 - 1).
2
What is -1 - 3 - (0 + 1)?
-5
-3 - ((-11 - -4) + 0)
4
What is 4 + ((-5 - -9) + -2 - 4)?
2
What is 10 - 1 - (-8 + 11)?
6
Calculate 7 + -7 + 0 + 3.
3
Evaluate -5 + (3 - -2) + -7.
-7
-4 - (-10 - 0 - (-3 - 0))
3
What is 1 - (5 + (-5 - -8) - 2)?
-5
What is 0 + -4 - (-4 + -2)?
2
What is (4 - 20) + 13 + -1 + 3?
-1
Evaluate (1